 Suppose 3*h - i = h. What is the tens digit of h?
2
Let r be (-2 - (-775)/45) + (-6)/27. What is the tens digit of (380/(-150))/19 + 152/r?
1
Let b(a) = -2*a + 2. Let g(i) = 10*i - 30. Let t(m) = -10*b(m) + g(m). What is the units digit of t(11)?
0
Suppose 237*o + 68781 = 240*o + g, 0 = 5*o - g - 114619. What is the ten thousands digit of o?
2
Suppose -8303 = -2*h - 5*s, 87*s = 2*h + 88*s - 8291. What is the tens digit of h?
4
Let r(g) = -1441*g + 155. What is the units digit of r(-5)?
0
Let k be -3*((-4)/((-48)/(-20)))/1. Suppose -k*t = 6 - 11. What is the units digit of (-1*t - -4) + 37 + 5?
5
Suppose -47*a + 26*a + 433811 + 1025374 = 0. What is the tens digit of a?
8
Let z = 438 + -438. Suppose z = k + k + 3*j - 4050, 0 = j. What is the hundreds digit of k?
0
Suppose 0*j - 4*k - 985 = -j, 5*j + 5*k - 5000 = 0. Let x = j + -454. Let r = -303 + x. What is the tens digit of r?
4
Let f(h) = 24*h**3 - 2 + 12*h - 18*h**3 - 7 + 5*h**2 - 5*h**3. What is the units digit of f(8)?
9
Let h(k) = 6*k + 3*k + 22 + 17. Let x be -5 + 41 + -96 + 76. What is the tens digit of h(x)?
8
Let c(l) = l**3 + 6*l**2 + 6*l + 7. Let v be (-2*28)/7 - (1 + -4). Let a be c(v). What is the tens digit of (-4)/a + 164 + 4 - -3?
6
Let s(x) = 57*x + 112. Let b(g) = 58*g + 113. Let w(j) = 2*b(j) - 3*s(j). What is the hundreds digit of w(-14)?
6
Let g(w) be the first derivative of -w**2 + 54*w - 11. Let h be g(-10). Let n = 116 + h. What is the tens digit of n?
9
Let m(h) be the second derivative of -h**4/12 + 10*h**3/3 - 14*h**2 + 9*h. Let f be m(18). Suppose -f*i = -10*i + 214. What is the hundreds digit of i?
1
Let y = -635 + 680. Suppose y*g + 3005 = 33380. What is the units digit of g?
5
Suppose 5*k - 3 = -13. Let d be (11 + -10)/(k/(-4)). What is the tens digit of 0 - (-29 - (d - 4))?
2
Let x = 517 - 541. What is the tens digit of x/48 + 434/4?
0
Suppose 3*p - 4*p - 75 = -5*c, -3*p + 63 = 3*c. Suppose -9*u + c*u - 3080 = 0. What is the units digit of u?
0
Let q = 71 - 67. Suppose -3*o - 20 = 2*o, 185 = p + q*o. What is the units digit of p?
1
Let m be (-49)/(-13 - 225/(-18)). Let b(o) = o**3 + 5*o**2 - 2*o. Let i be b(-7). Let z = i + m. What is the units digit of z?
4
Let h(b) = 43*b**3 + 6*b**2 - 5*b - 1. Let t(r) = -129*r**3 - 17*r**2 + 15*r + 2. Let z(x) = -17*h(x) - 6*t(x). What is the units digit of z(2)?
9
Let k(q) be the second derivative of -q**4/2 - 19*q**3/6 - q**2 - 26*q. Let b(f) be the first derivative of k(f). What is the units digit of b(-8)?
7
Suppose 5*p = -4*i + 17890, 12*i - 3578 = -p + 9*i. What is the thousands digit of p?
3
Suppose 20*s = 88529 + 74851. What is the tens digit of s?
6
Let i = 24823 - -13913. What is the thousands digit of i?
8
Let g(w) = w**3 - 100*w**2 + 90*w + 572. What is the tens digit of g(100)?
7
Suppose 25*f - 107504 - 117311 = -65290. What is the units digit of f?
1
Let n(s) = -4*s**2 + 6*s - 4. Let k be n(1). What is the tens digit of (21440/(-96))/(k/3)?
3
Suppose -u - 9 = -417. Let o = -205 + u. What is the units digit of o?
3
Let j(i) = -17*i**2 - 30*i - 181. Let t(w) = -8*w**2 - 15*w - 90. Let b(r) = 4*j(r) - 9*t(r). What is the units digit of b(-16)?
0
Suppose -242 = 5*p + v, 55 = -p + 2*v + 11. Let w = p + 232. What is the hundreds digit of w?
1
Suppose -2*k - 4*w = -4 - 32, 0 = 3*w - 15. Suppose k*z - 90 = 7*z. What is the units digit of z?
0
What is the hundreds digit of (2056800/280)/(4/14) + 2?
7
Suppose p = 734 + 1261. Suppose 3*l = 603 + p. What is the units digit of l?
6
Suppose -13 = g - 4. What is the tens digit of 5/(75/g) - (-2928)/5?
8
What is the ten thousands digit of (-21)/(588/(-37030))*10?
1
Let k(f) = 70835*f**2 - 80*f + 9. What is the hundreds digit of k(1)?
7
Let a(b) = 10*b + 9. Let g(l) = -l - 1. Let w(v) = a(v) + 4*g(v). Let m(j) = -2*j**2 - 20*j + 6. Let r be m(-10). What is the units digit of w(r)?
1
Let o(w) = w**3 + 16*w**2 + 14*w - 11. Let v be o(-15). Let a be (2/v*0/16)/(-3). Suppose -m + 2*m - 53 = a. What is the units digit of m?
3
Suppose -a - 2*q = -4*q, -5*q + 35 = a. Suppose 880 = -7*m + 2791. Suppose a*h - m = 3*h. What is the units digit of h?
9
Let s = -5435 + 5811. Let g be 3/(-2)*(-12)/9. Suppose 2*d = 2*u + 148, 3*d = -g*d + 3*u + s. What is the tens digit of d?
7
Let x(s) = -10*s - 57. Let a be x(37). Let j = a - -536. What is the tens digit of j?
0
Suppose u = 7*f - 11*f + 17859, 4*f - 71448 = -4*u. What is the units digit of u?
3
Let a = -12191 + 19314. What is the thousands digit of a?
7
Let h be 48/22 - ((-450)/66 + 7). What is the units digit of h - (266/6)/((-13)/39)?
5
Suppose -6*v + 4*v = 2*m - 24, 2*v - 28 = -4*m. Suppose -v*l = -2567 - 4223. What is the tens digit of l?
7
Let m = 79538 + -55131. What is the ten thousands digit of m?
2
Let i(q) = -q - 8. Let l be i(-12). Let x(y) = 2*y**2 + l*y**2 + 6*y**2 - y - 4*y**2. What is the units digit of x(1)?
7
Let c(u) = -60*u**3 - 9*u**2 + 31*u + 242. What is the hundreds digit of c(-7)?
1
Suppose 4*r + 29 = 69. Let g be 40/(-6) - r/(-15). What is the units digit of (189/45 + g/2)*55?
6
Let a(g) = -g + 12. Suppose 0 = 4*t + 5*x - 37, 2*x = -4*t + 3*x + 7. Suppose 0 = 8*b + 21 + t. What is the tens digit of a(b)?
1
Let n(v) = 5*v**3 + v**2 + v + 2. Let g be n(-3). Let i be -1*(g/3 - 5/(-15)). Suppose r + 10 = i. What is the tens digit of r?
3
Let w(g) = 688*g - 1684. What is the hundreds digit of w(8)?
8
Suppose 12*x = 2*x + 140. Suppose 3*k = -2*n + x, 0*n - k = 3*n - 14. Suppose -2*m = -n*a + 1070, 4*a + m - 676 = 379. What is the units digit of a?
5
Let c = -2050 + 11388. What is the thousands digit of c?
9
Let y(g) = -g**3 + 25*g**2 + 42*g + 15. Let x be y(-9). Suppose 2*r - 958 = -2*w, -6*r + x = -r + w. What is the hundreds digit of r?
4
What is the tens digit of ((-100954)/21)/((0 + 4/(-24))*4)?
1
Let s = 7909 - -7109. What is the hundreds digit of s?
0
What is the units digit of (-2 - -4) + -4 + 4 + 4432?
4
Let s = 3167 - -843. What is the thousands digit of s?
4
Suppose 359040 = -95*u + 125*u. Suppose u = 6*v + 11*v. What is the hundreds digit of v?
7
Let y = 141 + -151. Let c(v) be the third derivative of -5*v**4/8 - 3*v**3 + 2*v**2. What is the hundreds digit of c(y)?
1
What is the tens digit of 5029/2*((-54)/(-24) - (-3)/(-12))?
2
Let d(l) = -l**2 + 6*l + 5. Let c be d(6). Suppose -2*t = o + 3*t - 5, -c*t = 5*o + 15. Let y(b) = 2*b**2 - 3*b + 15. What is the units digit of y(o)?
0
Let x be (-24)/(-3) + -1 - (3 + 2). Suppose -x*y + 652 + 650 = 0. What is the hundreds digit of y?
6
Suppose 0 = -155*b + 164*b - 17595. Let r = b + -1297. What is the hundreds digit of r?
6
Let g(q) = 2*q + 15. Let f be g(-6). Suppose 0 = 3*y + 2*h + f, 2*h - 6 = -y - h. What is the tens digit of ((-3)/9 + y)/((-8)/492)?
0
Suppose -6*x - 774 = 3*x. Let p = x - -129. Let l = p - 27. What is the tens digit of l?
1
Let w(y) = 2*y**3 + 9*y**2 - 8*y. Let i be w(7). Let k = -321 + i. What is the units digit of k?
0
Let u = 0 - 0. Suppose 8*o - 12*o - 4 = u. Let a(k) = -32*k - 2. What is the tens digit of a(o)?
3
Suppose -2*v + g = 5*g - 256, v = -4*g + 118. Let l(r) = r**3 - 4*r**2 - 10*r - 9. Let z be l(7). Let a = v - z. What is the tens digit of a?
7
Let k be (32/20)/(7/315). What is the hundreds digit of 81776/k + (2/(-9))/(-1)?
1
Let m(o) = 31*o + 3742. What is the hundreds digit of m(0)?
7
Suppose z - 29955 = -59*u + 57*u, 2*z + 5*u - 59901 = 0. What is the units digit of z?
3
Let k be ((-1848)/(-20))/((-1)/5). Let r = k - -546. What is the tens digit of r?
8
Let p(i) = -7521*i + 11. What is the hundreds digit of p(-2)?
0
Let k = 11243 - 4712. What is the units digit of k?
1
Let m(t) = 14*t**3 - 8*t**2 + 22*t - 3. Let l(b) = 38*b + 81. Let q be l(-2). What is the thousands digit of m(q)?
1
Let i = -371 + 377. Let f(d) = -13*d - 12. Let c(l) = -27*l - 25. Let k(n) = -4*c(n) + 7*f(n). What is the units digit of k(i)?
8
Suppose 3*y + 6 = 0, -y - 1421 = 26*u - 29*u. Let f = 987 - u. What is the hundreds digit of f?
5
Suppose 5*o - 5*j = -j - 310, -o = -j + 62. Let p be (1 + 1)/(o/(-93)). Suppose -3*v + 284 = v - 4*t, -2*v + p*t + 137 = 0. What is the tens digit of v?
7
Suppose -20*d + 18*d + 40 = 0. Let g(s) = 10*s**2 - 15 - s**3 + d - 20 - s. What is the hundreds digit of g(5)?
1
Let d be -3 - ((0 - -1643) + -5). Let s = 60 - d. Wha